{"id":152,"date":"2024-09-26T14:33:46","date_gmt":"2024-09-26T12:33:46","guid":{"rendered":"https:\/\/lestudiophotonoel.com\/?page_id=152"},"modified":"2025-10-29T15:09:41","modified_gmt":"2025-10-29T14:09:41","slug":"reservez-votre-seance","status":"publish","type":"page","link":"https:\/\/lestudiophotonoel.com\/index.php\/reservez-votre-seance\/","title":{"rendered":"R\u00e9servez votre s\u00e9ance"},"content":{"rendered":"\t\t<div data-elementor-type=\"wp-page\" data-elementor-id=\"152\" class=\"elementor elementor-152\" data-elementor-post-type=\"page\">\n\t\t\t\t<div class=\"elementor-element elementor-element-52be147d e-flex e-con-boxed e-con e-parent\" data-id=\"52be147d\" data-element_type=\"container\" data-e-type=\"container\">\n\t\t\t\t\t<div class=\"e-con-inner\">\n\t\t<div class=\"elementor-element elementor-element-e25e3d3 e-con-full e-flex e-con e-child\" data-id=\"e25e3d3\" data-element_type=\"container\" data-e-type=\"container\">\n\t\t<div class=\"elementor-element elementor-element-699e787 e-grid e-con-full e-con e-child\" data-id=\"699e787\" data-element_type=\"container\" data-e-type=\"container\">\n\t\t\t\t<div class=\"elementor-element elementor-element-6d27eee elementor-widget elementor-widget-text-editor\" data-id=\"6d27eee\" data-element_type=\"widget\" data-e-type=\"widget\" id=\"lien-reservation\" data-widget_type=\"text-editor.default\">\n\t\t\t\t<div class=\"elementor-widget-container\">\n\t\t\t\t\t\t\t\t\t<h3>\ud83c\udf84 R\u00e9servez votre s\u00e9ance photo de No\u00ebl ! \ud83c\udf84<\/h3><p>No\u00ebl approche, et c\u2019est l\u2019occasion id\u00e9ale pour capturer de pr\u00e9cieux souvenirs en famille. Nos d\u00e9cors sont pr\u00eats pour vous offrir des photos authentiques et chaleureuses, parfaites pour c\u00e9l\u00e9brer cette p\u00e9riode sp\u00e9ciale.<\/p><p>\ud83d\udcc5 <strong>Dates disponibles :<\/strong><\/p><ul><li>\ud83c\udf85 Samedi 22 novembre\u00a0<\/li><li>\u2744\ufe0f Dimanche 23 novembre<\/li><li>\u2728 Samedi 29 novembre\u00a0<\/li><li>\ud83c\udf84 Dimanche 30 novembre<\/li><\/ul><p>Ne manquez pas l\u2019opportunit\u00e9 de faire plaisir \u00e0 vos proches et de cr\u00e9er des souvenirs durables.<\/p><p><button id=\"lien-reservation\" style=\"font-size: 18px; background-color: red; color: white; border: none; padding: 10px 20px; cursor: pointer;\"><br \/>R\u00e9servez d\u00e8s maintenant<br \/><\/button><\/p><p><script>\ndocument.getElementById(\"lien-reservation\").addEventListener(\"click\", function(event) {\n    event.preventDefault();\n    fbq('track', 'ReservationBoutonClique');\n    setTimeout(function() {\n        window.open('https:\/\/www.fotostudio.io\/client\/reservation\/145314', '_blank');\n    }, 300);\n});\n<\/script><\/p><p>pour \u00eatre s\u00fbr d\u2019avoir votre place !<\/p><p><span style=\"color: #0e0e0e; font-family: '.SF NS'; font-size: 14px; text-align: var(--text-align); letter-spacing: 0px;\">\ud83c\udf6a\u00a0<\/span><b>Prix de la s\u00e9ance:\u00a0<\/b><\/p><p>La s\u00e9ance photo de No\u00ebl est \u00e0 <b>135\u20ac<\/b>. Ce prix comprend une s\u00e9ance dans nos d\u00e9cors magiques, un moment privil\u00e9gi\u00e9 en famille, ainsi qu&rsquo;une s\u00e9lection de <b>5 photos num\u00e9riques<\/b>, <b>retouch\u00e9es<\/b> que vous pourrez garder en souvenir ou offrir.<\/p>\t\t\t\t\t\t\t\t<\/div>\n\t\t\t\t<\/div>\n\t\t\t\t<div class=\"elementor-element elementor-element-0cd7c2a elementor-widget elementor-widget-image\" data-id=\"0cd7c2a\" data-element_type=\"widget\" data-e-type=\"widget\" data-widget_type=\"image.default\">\n\t\t\t\t<div class=\"elementor-widget-container\">\n\t\t\t\t\t\t\t\t\t\t\t\t\t\t\t<img fetchpriority=\"high\" decoding=\"async\" width=\"394\" height=\"591\" src=\"https:\/\/lestudiophotonoel.com\/wp-content\/uploads\/2025\/10\/seance-photo-noel-draguignan-DPVA-Var-42-copie-1.webp\" class=\"attachment-large size-large wp-image-3109\" alt=\"\" srcset=\"https:\/\/lestudiophotonoel.com\/wp-content\/uploads\/2025\/10\/seance-photo-noel-draguignan-DPVA-Var-42-copie-1.webp 394w, https:\/\/lestudiophotonoel.com\/wp-content\/uploads\/2025\/10\/seance-photo-noel-draguignan-DPVA-Var-42-copie-1-200x300.webp 200w\" sizes=\"(max-width: 394px) 100vw, 394px\" \/>\t\t\t\t\t\t\t\t\t\t\t\t\t\t\t<\/div>\n\t\t\t\t<\/div>\n\t\t\t\t<\/div>\n\t\t\t\t<\/div>\n\t\t\t\t\t<\/div>\n\t\t\t\t<\/div>\n\t\t\t\t<\/div>\n\t\t","protected":false},"excerpt":{"rendered":"<p>\ud83c\udf84 R\u00e9servez votre s\u00e9ance photo de No\u00ebl ! \ud83c\udf84 No\u00ebl approche, et c\u2019est l\u2019occasion id\u00e9ale pour capturer de pr\u00e9cieux souvenirs en famille. Nos d\u00e9cors sont pr\u00eats pour vous offrir des photos authentiques et chaleureuses, parfaites pour c\u00e9l\u00e9brer cette p\u00e9riode sp\u00e9ciale. \ud83d\udcc5 Dates disponibles : \ud83c\udf85 Samedi 22 novembre\u00a0 \u2744\ufe0f Dimanche 23 novembre \u2728 Samedi 29 novembre\u00a0 \ud83c\udf84 Dimanche 30 novembre Ne manquez pas l\u2019opportunit\u00e9 de faire plaisir \u00e0 vos proches et de cr\u00e9er des souvenirs durables. R\u00e9servez d\u00e8s maintenant pour \u00eatre s\u00fbr d\u2019avoir votre place ! \ud83c\udf6a\u00a0Prix de la s\u00e9ance:\u00a0 La s\u00e9ance photo de No\u00ebl est \u00e0 135\u20ac. Ce prix comprend une s\u00e9ance dans nos d\u00e9cors magiques, un moment privil\u00e9gi\u00e9 en famille, ainsi qu&rsquo;une s\u00e9lection de 5 photos num\u00e9riques, retouch\u00e9es que vous pourrez garder en souvenir ou offrir.<\/p>\n","protected":false},"author":1,"featured_media":0,"parent":0,"menu_order":0,"comment_status":"closed","ping_status":"closed","template":"","meta":{"om_disable_all_campaigns":false,"_uf_show_specific_survey":0,"_uf_disable_surveys":false,"footnotes":""},"class_list":["post-152","page","type-page","status-publish","hentry"],"aioseo_notices":[],"yoast_head":"<!-- This site is optimized with the Yoast SEO plugin v26.2 - https:\/\/yoast.com\/wordpress\/plugins\/seo\/ -->\n<title>R\u00e9servez votre s\u00e9ance - Le Studio Photo f\u00eate No\u00ebl<\/title>\n<meta name=\"robots\" content=\"index, follow, max-snippet:-1, max-image-preview:large, max-video-preview:-1\" \/>\n<link rel=\"canonical\" href=\"https:\/\/lestudiophotonoel.com\/index.php\/reservez-votre-seance\/\" \/>\n<meta property=\"og:locale\" content=\"fr_FR\" \/>\n<meta property=\"og:type\" content=\"article\" \/>\n<meta property=\"og:title\" content=\"R\u00e9servez votre s\u00e9ance - Le Studio Photo f\u00eate No\u00ebl\" \/>\n<meta property=\"og:description\" content=\"\ud83c\udf84 R\u00e9servez votre s\u00e9ance photo de No\u00ebl ! \ud83c\udf84 No\u00ebl approche, et c\u2019est l\u2019occasion id\u00e9ale pour capturer de pr\u00e9cieux souvenirs en famille. Nos d\u00e9cors sont pr\u00eats pour vous offrir des photos authentiques et chaleureuses, parfaites pour c\u00e9l\u00e9brer cette p\u00e9riode sp\u00e9ciale. \ud83d\udcc5 Dates disponibles : \ud83c\udf85 Samedi 22 novembre\u00a0 \u2744\ufe0f Dimanche 23 novembre \u2728 Samedi 29 novembre\u00a0 \ud83c\udf84 Dimanche 30 novembre Ne manquez pas l\u2019opportunit\u00e9 de faire plaisir \u00e0 vos proches et de cr\u00e9er des souvenirs durables. R\u00e9servez d\u00e8s maintenant pour \u00eatre s\u00fbr d\u2019avoir votre place ! \ud83c\udf6a\u00a0Prix de la s\u00e9ance:\u00a0 La s\u00e9ance photo de No\u00ebl est \u00e0 135\u20ac. Ce prix comprend une s\u00e9ance dans nos d\u00e9cors magiques, un moment privil\u00e9gi\u00e9 en famille, ainsi qu&rsquo;une s\u00e9lection de 5 photos num\u00e9riques, retouch\u00e9es que vous pourrez garder en souvenir ou offrir.\" \/>\n<meta property=\"og:url\" content=\"https:\/\/lestudiophotonoel.com\/index.php\/reservez-votre-seance\/\" \/>\n<meta property=\"og:site_name\" content=\"Le Studio Photo f\u00eate No\u00ebl\" \/>\n<meta property=\"article:modified_time\" content=\"2025-10-29T14:09:41+00:00\" \/>\n<meta property=\"og:image\" content=\"https:\/\/lestudiophotonoel.com\/wp-content\/uploads\/2025\/10\/seance-photo-noel-draguignan-DPVA-Var-42-copie-1.webp\" \/>\n\t<meta property=\"og:image:width\" content=\"394\" \/>\n\t<meta property=\"og:image:height\" content=\"591\" \/>\n\t<meta property=\"og:image:type\" content=\"image\/webp\" \/>\n<meta name=\"twitter:card\" content=\"summary_large_image\" \/>\n<meta name=\"twitter:label1\" content=\"Dur\u00e9e de lecture estim\u00e9e\" \/>\n\t<meta name=\"twitter:data1\" content=\"1 minute\" \/>\n<script type=\"application\/ld+json\" class=\"yoast-schema-graph\">{\"@context\":\"https:\/\/schema.org\",\"@graph\":[{\"@type\":\"WebPage\",\"@id\":\"https:\/\/lestudiophotonoel.com\/index.php\/reservez-votre-seance\/\",\"url\":\"https:\/\/lestudiophotonoel.com\/index.php\/reservez-votre-seance\/\",\"name\":\"R\u00e9servez votre s\u00e9ance - Le Studio Photo f\u00eate No\u00ebl\",\"isPartOf\":{\"@id\":\"https:\/\/lestudiophotonoel.com\/#website\"},\"primaryImageOfPage\":{\"@id\":\"https:\/\/lestudiophotonoel.com\/index.php\/reservez-votre-seance\/#primaryimage\"},\"image\":{\"@id\":\"https:\/\/lestudiophotonoel.com\/index.php\/reservez-votre-seance\/#primaryimage\"},\"thumbnailUrl\":\"http:\/\/lestudiophotonoel.com\/wp-content\/uploads\/2025\/10\/seance-photo-noel-draguignan-DPVA-Var-42-copie-1.webp\",\"datePublished\":\"2024-09-26T12:33:46+00:00\",\"dateModified\":\"2025-10-29T14:09:41+00:00\",\"breadcrumb\":{\"@id\":\"https:\/\/lestudiophotonoel.com\/index.php\/reservez-votre-seance\/#breadcrumb\"},\"inLanguage\":\"fr-FR\",\"potentialAction\":[{\"@type\":\"ReadAction\",\"target\":[\"https:\/\/lestudiophotonoel.com\/index.php\/reservez-votre-seance\/\"]}]},{\"@type\":\"ImageObject\",\"inLanguage\":\"fr-FR\",\"@id\":\"https:\/\/lestudiophotonoel.com\/index.php\/reservez-votre-seance\/#primaryimage\",\"url\":\"http:\/\/lestudiophotonoel.com\/wp-content\/uploads\/2025\/10\/seance-photo-noel-draguignan-DPVA-Var-42-copie-1.webp\",\"contentUrl\":\"http:\/\/lestudiophotonoel.com\/wp-content\/uploads\/2025\/10\/seance-photo-noel-draguignan-DPVA-Var-42-copie-1.webp\"},{\"@type\":\"BreadcrumbList\",\"@id\":\"https:\/\/lestudiophotonoel.com\/index.php\/reservez-votre-seance\/#breadcrumb\",\"itemListElement\":[{\"@type\":\"ListItem\",\"position\":1,\"name\":\"Accueil\",\"item\":\"https:\/\/lestudiophotonoel.com\/\"},{\"@type\":\"ListItem\",\"position\":2,\"name\":\"R\u00e9servez votre s\u00e9ance\"}]},{\"@type\":\"WebSite\",\"@id\":\"https:\/\/lestudiophotonoel.com\/#website\",\"url\":\"https:\/\/lestudiophotonoel.com\/\",\"name\":\"Le Studio Photo f\u00eate No\u00ebl\",\"description\":\"Cr\u00e9ons ensemble vos souvenirs de famille\",\"publisher\":{\"@id\":\"https:\/\/lestudiophotonoel.com\/#organization\"},\"potentialAction\":[{\"@type\":\"SearchAction\",\"target\":{\"@type\":\"EntryPoint\",\"urlTemplate\":\"https:\/\/lestudiophotonoel.com\/?s={search_term_string}\"},\"query-input\":{\"@type\":\"PropertyValueSpecification\",\"valueRequired\":true,\"valueName\":\"search_term_string\"}}],\"inLanguage\":\"fr-FR\"},{\"@type\":\"Organization\",\"@id\":\"https:\/\/lestudiophotonoel.com\/#organization\",\"name\":\"Le Studio Photo f\u00eate No\u00ebl\",\"url\":\"https:\/\/lestudiophotonoel.com\/\",\"logo\":{\"@type\":\"ImageObject\",\"inLanguage\":\"fr-FR\",\"@id\":\"https:\/\/lestudiophotonoel.com\/#\/schema\/logo\/image\/\",\"url\":\"\",\"contentUrl\":\"\",\"caption\":\"Le Studio Photo f\u00eate No\u00ebl\"},\"image\":{\"@id\":\"https:\/\/lestudiophotonoel.com\/#\/schema\/logo\/image\/\"}}]}<\/script>\n<!-- \/ Yoast SEO plugin. -->","yoast_head_json":{"title":"R\u00e9servez votre s\u00e9ance - Le Studio Photo f\u00eate No\u00ebl","robots":{"index":"index","follow":"follow","max-snippet":"max-snippet:-1","max-image-preview":"max-image-preview:large","max-video-preview":"max-video-preview:-1"},"canonical":"https:\/\/lestudiophotonoel.com\/index.php\/reservez-votre-seance\/","og_locale":"fr_FR","og_type":"article","og_title":"R\u00e9servez votre s\u00e9ance - Le Studio Photo f\u00eate No\u00ebl","og_description":"\ud83c\udf84 R\u00e9servez votre s\u00e9ance photo de No\u00ebl ! \ud83c\udf84 No\u00ebl approche, et c\u2019est l\u2019occasion id\u00e9ale pour capturer de pr\u00e9cieux souvenirs en famille. Nos d\u00e9cors sont pr\u00eats pour vous offrir des photos authentiques et chaleureuses, parfaites pour c\u00e9l\u00e9brer cette p\u00e9riode sp\u00e9ciale. \ud83d\udcc5 Dates disponibles : \ud83c\udf85 Samedi 22 novembre\u00a0 \u2744\ufe0f Dimanche 23 novembre \u2728 Samedi 29 novembre\u00a0 \ud83c\udf84 Dimanche 30 novembre Ne manquez pas l\u2019opportunit\u00e9 de faire plaisir \u00e0 vos proches et de cr\u00e9er des souvenirs durables. R\u00e9servez d\u00e8s maintenant pour \u00eatre s\u00fbr d\u2019avoir votre place ! \ud83c\udf6a\u00a0Prix de la s\u00e9ance:\u00a0 La s\u00e9ance photo de No\u00ebl est \u00e0 135\u20ac. Ce prix comprend une s\u00e9ance dans nos d\u00e9cors magiques, un moment privil\u00e9gi\u00e9 en famille, ainsi qu&rsquo;une s\u00e9lection de 5 photos num\u00e9riques, retouch\u00e9es que vous pourrez garder en souvenir ou offrir.","og_url":"https:\/\/lestudiophotonoel.com\/index.php\/reservez-votre-seance\/","og_site_name":"Le Studio Photo f\u00eate No\u00ebl","article_modified_time":"2025-10-29T14:09:41+00:00","og_image":[{"width":394,"height":591,"url":"https:\/\/lestudiophotonoel.com\/wp-content\/uploads\/2025\/10\/seance-photo-noel-draguignan-DPVA-Var-42-copie-1.webp","type":"image\/webp"}],"twitter_card":"summary_large_image","twitter_misc":{"Dur\u00e9e de lecture estim\u00e9e":"1 minute"},"schema":{"@context":"https:\/\/schema.org","@graph":[{"@type":"WebPage","@id":"https:\/\/lestudiophotonoel.com\/index.php\/reservez-votre-seance\/","url":"https:\/\/lestudiophotonoel.com\/index.php\/reservez-votre-seance\/","name":"R\u00e9servez votre s\u00e9ance - Le Studio Photo f\u00eate No\u00ebl","isPartOf":{"@id":"https:\/\/lestudiophotonoel.com\/#website"},"primaryImageOfPage":{"@id":"https:\/\/lestudiophotonoel.com\/index.php\/reservez-votre-seance\/#primaryimage"},"image":{"@id":"https:\/\/lestudiophotonoel.com\/index.php\/reservez-votre-seance\/#primaryimage"},"thumbnailUrl":"http:\/\/lestudiophotonoel.com\/wp-content\/uploads\/2025\/10\/seance-photo-noel-draguignan-DPVA-Var-42-copie-1.webp","datePublished":"2024-09-26T12:33:46+00:00","dateModified":"2025-10-29T14:09:41+00:00","breadcrumb":{"@id":"https:\/\/lestudiophotonoel.com\/index.php\/reservez-votre-seance\/#breadcrumb"},"inLanguage":"fr-FR","potentialAction":[{"@type":"ReadAction","target":["https:\/\/lestudiophotonoel.com\/index.php\/reservez-votre-seance\/"]}]},{"@type":"ImageObject","inLanguage":"fr-FR","@id":"https:\/\/lestudiophotonoel.com\/index.php\/reservez-votre-seance\/#primaryimage","url":"http:\/\/lestudiophotonoel.com\/wp-content\/uploads\/2025\/10\/seance-photo-noel-draguignan-DPVA-Var-42-copie-1.webp","contentUrl":"http:\/\/lestudiophotonoel.com\/wp-content\/uploads\/2025\/10\/seance-photo-noel-draguignan-DPVA-Var-42-copie-1.webp"},{"@type":"BreadcrumbList","@id":"https:\/\/lestudiophotonoel.com\/index.php\/reservez-votre-seance\/#breadcrumb","itemListElement":[{"@type":"ListItem","position":1,"name":"Accueil","item":"https:\/\/lestudiophotonoel.com\/"},{"@type":"ListItem","position":2,"name":"R\u00e9servez votre s\u00e9ance"}]},{"@type":"WebSite","@id":"https:\/\/lestudiophotonoel.com\/#website","url":"https:\/\/lestudiophotonoel.com\/","name":"Le Studio Photo f\u00eate No\u00ebl","description":"Cr\u00e9ons ensemble vos souvenirs de famille","publisher":{"@id":"https:\/\/lestudiophotonoel.com\/#organization"},"potentialAction":[{"@type":"SearchAction","target":{"@type":"EntryPoint","urlTemplate":"https:\/\/lestudiophotonoel.com\/?s={search_term_string}"},"query-input":{"@type":"PropertyValueSpecification","valueRequired":true,"valueName":"search_term_string"}}],"inLanguage":"fr-FR"},{"@type":"Organization","@id":"https:\/\/lestudiophotonoel.com\/#organization","name":"Le Studio Photo f\u00eate No\u00ebl","url":"https:\/\/lestudiophotonoel.com\/","logo":{"@type":"ImageObject","inLanguage":"fr-FR","@id":"https:\/\/lestudiophotonoel.com\/#\/schema\/logo\/image\/","url":"","contentUrl":"","caption":"Le Studio Photo f\u00eate No\u00ebl"},"image":{"@id":"https:\/\/lestudiophotonoel.com\/#\/schema\/logo\/image\/"}}]}},"acf":[],"jetpack_sharing_enabled":true,"_links":{"self":[{"href":"https:\/\/lestudiophotonoel.com\/index.php\/wp-json\/wp\/v2\/pages\/152","targetHints":{"allow":["GET"]}}],"collection":[{"href":"https:\/\/lestudiophotonoel.com\/index.php\/wp-json\/wp\/v2\/pages"}],"about":[{"href":"https:\/\/lestudiophotonoel.com\/index.php\/wp-json\/wp\/v2\/types\/page"}],"author":[{"embeddable":true,"href":"https:\/\/lestudiophotonoel.com\/index.php\/wp-json\/wp\/v2\/users\/1"}],"replies":[{"embeddable":true,"href":"https:\/\/lestudiophotonoel.com\/index.php\/wp-json\/wp\/v2\/comments?post=152"}],"version-history":[{"count":55,"href":"https:\/\/lestudiophotonoel.com\/index.php\/wp-json\/wp\/v2\/pages\/152\/revisions"}],"predecessor-version":[{"id":3231,"href":"https:\/\/lestudiophotonoel.com\/index.php\/wp-json\/wp\/v2\/pages\/152\/revisions\/3231"}],"wp:attachment":[{"href":"https:\/\/lestudiophotonoel.com\/index.php\/wp-json\/wp\/v2\/media?parent=152"}],"curies":[{"name":"wp","href":"https:\/\/api.w.org\/{rel}","templated":true}]}}